 -24 + 226?
202
In base 8, what is -27 + 1504?
1455
In base 6, what is -3 + -23?
-30
In base 12, what is 227 + -a?
219
In base 9, what is -101 - -26?
-64
In base 7, what is 53 - 665?
-612
In base 13, what is 4a - c?
3b
In base 12, what is 38 - 5?
33
In base 7, what is 310 - -302?
612
In base 11, what is 13 - -1291?
12a4
In base 2, what is -10101 - -11011000?
11000011
In base 15, what is 61 - -1?
62
In base 8, what is 47 + -165?
-116
In base 2, what is 1110000001000 - 100?
1110000000100
In base 4, what is 1121 + -23?
1032
In base 3, what is 21002222 - 10?
21002212
In base 9, what is -1026 + 11?
-1015
In base 4, what is 10 - -1123?
1133
In base 6, what is -305 + 0?
-305
In base 13, what is -89 + 8?
-81
In base 7, what is -350001 - 1?
-350002
In base 16, what is 1e + 13?
31
In base 10, what is 703 - -1?
704
In base 3, what is 12 - -1122?
1211
In base 13, what is -1044 - -4?
-1040
In base 3, what is -100 + 110?
10
In base 16, what is 0 - 65?
-65
In base 13, what is 1 - -243?
244
In base 16, what is -3 + 2?
-1
In base 4, what is -10 - 2002?
-2012
In base 11, what is -3 - -3314?
3311
In base 6, what is -54 - -41?
-13
In base 3, what is -2221 + 1?
-2220
In base 3, what is -2101102 + 211?
-2100121
In base 15, what is 4e - 14?
3a
In base 9, what is -6 + 5?
-1
In base 13, what is 5 - 68?
-63
In base 14, what is -2d8d + -2?
-2d91
In base 11, what is -3a - -59?
1a
In base 13, what is 315 - -21?
336
In base 2, what is -101 - -11001011?
11000110
In base 13, what is 3 - 11?
-b
In base 3, what is 11211 + 0?
11211
In base 5, what is 10 + 1343?
1403
In base 11, what is -1096 - -4?
-1092
In base 14, what is 1 - -4?
5
In base 9, what is -4 + -57?
-62
In base 6, what is 35 + -145?
-110
In base 5, what is 123113 + -3?
123110
In base 15, what is -4 + -1ecd?
-1ed2
In base 14, what is -9ac + 0?
-9ac
In base 9, what is -4 + -26?
-31
In base 11, what is -2 - 100?
-102
In base 8, what is 33 - 3?
30
In base 14, what is -13 - 4a5?
-4b8
In base 7, what is -5200 + 0?
-5200
In base 16, what is 1 + -43?
-42
In base 5, what is 22 + 301?
323
In base 4, what is -1 + -112?
-113
In base 2, what is -1 - 101011?
-101100
In base 8, what is -3 + 5742?
5737
In base 4, what is -33 + 20?
-13
In base 9, what is -5157 + 1?
-5156
In base 16, what is 9f + c?
ab
In base 4, what is 11 + 1303?
1320
In base 12, what is 35 + 0?
35
In base 14, what is 5a - 4?
56
In base 9, what is 70 - -135?
215
In base 9, what is -24 - -18?
-5
In base 3, what is 101001200 + -2?
101001121
In base 4, what is -23 - -313?
230
In base 14, what is -1b7 + 5?
-1b2
In base 13, what is -36 + -8?
-41
In base 14, what is -5 + -160?
-165
In base 13, what is -3081 - 3?
-3084
In base 9, what is 438 + 16?
455
In base 12, what is a8 - -8?
b4
In base 12, what is 2a + 4b?
79
In base 12, what is -6 - -85?
7b
In base 7, what is -41 + -1?
-42
In base 10, what is -11815 + -4?
-11819
In base 2, what is 0 + -1100000000?
-1100000000
In base 2, what is 10110010 + 111?
10111001
In base 11, what is 5 + -385?
-380
In base 11, what is 1 - -288?
289
In base 3, what is 100212 - 10120?
20022
In base 4, what is 0 - -1010?
1010
In base 16, what is -5 - 83?
-88
In base 7, what is -5 - -21?
13
In base 7, what is -5 - 4120?
-4125
In base 6, what is -1231 - -150?
-1041
In base 7, what is -21 - -12?
-6
In base 7, what is 2 - 2004?
-2002
In base 3, what is -11 + -20120011?
-20120022
In base 10, what is -2 - -612?
610
In base 7, what is -4 - 141?
-145
In base 8, what is 43 + 3?
46
In base 12, what is 5 + 2b?
34
In base 6, what is 341 + 3?
344
In base 6, what is -125 + -22?
-151
In base 3, what is 12101 - -10222?
100100
In base 7, what is -10 + -3503?
-3513
In base 10, what is -5 - 54?
-59
In base 6, what is -15 - 125?
-144
In base 14, what is 196 + -3?
193
In base 3, what is -200021 + 122?
-122122
In base 15, what is -8 - 2?
-a
In base 2, what is 10000110011111 + 101?
10000110100100
In base 13, what is 599 + -1?
598
In base 11, what is -46 + 0?
-46
In base 4, what is 11 - 33330?
-33313
In base 14, what is -2 - 70?
-72
In base 16, what is 5e4e - -1?
5e4f
In base 8, what is 32632 - 2?
32630
In base 4, what is 130 + -1333?
-1203
In base 3, what is -101 + 2210?
2102
In base 9, what is -3 + 473?
470
In base 11, what is -5 + -319?
-323
In base 13, what is 0 + 31?
31
In base 7, what is -1202 - 1?
-1203
In base 7, what is -4 - 2131?
-2135
In base 13, what is 3 + -367?
-364
In base 15, what is 3 - 25?
-22
In base 14, what is 4 - -3ac?
3b2
In base 14, what is -6a + -12?
-7c
In base 4, what is -132310 - -111?
-132133
In base 3, what is -1020200002 + 2?
-1020200000
In base 8, what is 5 + -2267?
-2262
In base 10, what is 4438 + -1?
4437
In base 11, what is -33 + -280?
-303
In base 13, what is 3 - 128?
-125
In base 13, what is -137 - 1?
-138
In base 12, what is -5a2 + 10?
-592
In base 2, what is -10100 - -1000111?
110011
In base 15, what is -92 + -3?
-95
In base 15, what is -1b + 16?
-5
In base 15, what is 7 - 55?
-4d
In base 10, what is 2 + -3072?
-3070
In base 11, what is 495 - 1?
494
In base 13, what is -51b + -3?
-521
In base 12, what is -5 + -793?
-798
In base 5, what is 42 - -311?
403
In base 3, what is -201 + 10101?
2200
In base 8, what is 5 - -57?
64
In base 6, what is -3 + 1323?
1320
In base 9, what is -68 + 17?
-51
In base 16, what is 4 - -d9d?
da1
In base 7, what is 63 + -2?
61
In base 7, what is -345 - 3?
-351
In base 9, what is -4 + -446?
-451
In base 3, what is 1220100 + -12?
1220011
In base 12, what is 44b + 1?
450
In base 6, what is 23 + 125?
152
In base 3, what is 11 + -11201?
-11120
In base 14, what is 44 - 5?
3d
In base 11, what is 185a1 - 0?
185a1
In base 12, what is -3 - 38b0?
-38b3
In base 4, what is 12102 + 11?
12113
In base 13, what is -19a - 3?
-1a0
In base 6, what is -1 - 3250?
-3251
In base 8, what is 1 - 21?
-20
In base 2, what is 10011 + -1000?
1011
In base 9, what is -44 + -261?
-315
In base 15, what is -46 - -4?
-42
In base 16, what is 9f + 16?
b5
In base 3, what is -112211001 - -11?
-112210220
In base 2, what is -100 + 10000101001?
10000100101
In base 14, what is -3 - 1ad?
-1b2
In base 14, what is 4 + 6b5?
6b9
In base 9, what is 4 - -36?
41
In base 14, what is 2 - -7?
9
In base 6, what is -3 + -511?
-514
In base 3, what is -2220 - 2010?
-12000
In base 2, what is -101 + -1100110?
-1101011
In base 15, what is 6 - c?
-6
In base 2, what is 10001101111 + 0?
10001101111
In base 3, what is 0 + 1102100?
1102100
In base 8, what is -745 - -24?
-721
In base 9, what is 1321 + 3?
1324
In base 8, what is -16 + -3446?
-3464
In base 15, what is 2e8 + -3?
2e5
In base 2, what is 10100000 - 0?
10100000
In base 2, what is 1001110010010 + 1?
1001110010011
In base 13, what is 0 - -b89?
b89
In base 8, what is -230 - -60?
-150
In base 2, what is 1010100100111 - -101?
1010100101100
In base 10, what is -4 - 1823?
-1827
In base 10, what is -47 - -1?
-46
In base 3, what is 11 - -1112012?
1112100
In base 4, what is -212 + 3?
-203
In base 3, what is 2012 + 0?
2012
In base 2, what is -100111111100 - -11?
-100111111001
In base 3, what is 21012001 - -12?
21012020
In base 15, what is -190 + -4?
-194
In base 7, what is -4 + -142?
-146
In base 4, what is -3320 - 3?
-3323
In base 14, what is 1d - -1?
20
In base 6, what is 0 + 3?
3
In base 8, what is 2 + 224?
226
In base 4, what is 10233 + 13?
10312
In base 3, what is -1111002 - 2?
-1111011
In base 4, what is -22310 + -11?
-22321
In base 12, what is 32 - -5?
37
In base 13, what is b - -39?
47
In base 7, what is 5 - -145?
153
In base 4, what is 30023 - -22?
30111
In base 2, what is -10100001 + 111001?
-1101000
In base 15, what is -1 - 1e?
-20
In base 4, what is -202 - 1?
-203
In base 9, what is -100 + 117?
17
In base 15, what is -3 - -48?
45
In base 15, what is -3 - -da?
d7
In base 9, what is -3 - -1134?
1131
In base 3, what is 212 - -20?
1002
In base 4, what is -2 - 232?
-300
In base 4, what is 2202 - 11?
2131
In base 8, what is -660 - 3?
-663
In base 5, what is -20 - -20140?
20120
In base 4, what is 20 + 11202?
11222
In base 2, what is -100101101 - 101?
-100110010
In base 16, what is 5 - e5?
-e0
In base 15, what is -15d3d + -4?
-15d42
In base 14, what is 7 + 1d?
26
In base 14, what is -10 + -7?
-17
In base 4, what is -1122 - 30?
-1212
In base 7, what is -4 - -14?
10
In base 4, what is -12012 + -11?
-12023
In base 14, wh